t o(k) = -k - 3. Determine o(d).
-3
Let j(y) = -2*y - 3. Let l(z) = -z - 3. Let u(t) = 6*j(t) - 5*l(t). Determine u(3).
-24
Let t(c) be the third derivative of -c**5/60 - c**4/24 + c**3 + c**2. Suppose 0 = 4*o + 2*p + 2, o + 5 = 5*o - 5*p. Calculate t(o).
6
Suppose 0 = 4*v + 2 - 18. Suppose v*i = b - 7, 5*i = 5*b - b - 17. Let l(z) = 2 - 3 + z**2 + b + 2 + 3*z. Determine l(-3).
4
Let r(k) = 0*k**2 - 3*k**2 + 10*k**2 - 8*k**2 + 5*k + 1. What is r(5)?
1
Let p(f) = 5*f + 8. Let w = 99 + -106. Give p(w).
-27
Let d(o) = -o**3 - o - 5*o**2 + 6*o**2 + 2*o + 1. Let r(g) be the first derivative of g**4 + g**3/3 - 5*g**2 - 3*g - 6. Let b(s) = 5*d(s) + r(s). What is b(5)?
2
Let r(i) = -3*i**2 + 5*i - 2. Let b(t) = 6*t**2 - 9*t + 3. Let g(d) = 3*b(d) + 5*r(d). What is g(-1)?
4
Let i(m) = -m**3 - 2*m**2 - 8 + 5*m**2 - 2*m**2. Let w = -15 - -24. Suppose w*t = 4*t. Determine i(t).
-8
Let w be (-8)/(-3)*(-27)/(-12). Let t(q) be the first derivative of q**2 - 7*q - 3. Let h be t(w). Let p(a) = -a + 5. What is p(h)?
0
Let d(l) = -2*l**2 - 2*l - 1. Let k be d(-2). Let b(w) = 5*w - 7. Let n(m) = -9*m + 14. Let i(t) = 7*b(t) + 4*n(t). Determine i(k).
12
Let x(y) = -y**3 - 5*y**2 - 2. Suppose -l = l + 8. Let b be (-6 - l) + -3 + 0. Give x(b).
-2
Suppose b + 0*g + 19 = 5*g, 2*b - 37 = -5*g. Suppose -5*m + o - 2*o = 1, -2*m + o = b. Let k(h) = 10*h**3 + h**2 - h - 1. What is k(m)?
-9
Let j(c) = 4 - c + 9 - 7. Give j(5).
1
Let z(d) = -d**3 + 4*d**2 - 2*d - 7. Let x be z(3). Let f(q) = q**3 + 5*q**2 + 3*q - 3. Give f(x).
1
Let x(m) be the first derivative of -m**4/4 + m**3/3 + m**2 + 4*m - 29. Give x(3).
-8
Let k(n) = -8*n**3 - 3*n - 13*n**3 - 1 + 22*n**3 - 5*n**2. Calculate k(6).
17
Suppose -4*o - g = -16, g + 2*g = -2*o - 2. Let k(f) = -3 - o*f**2 + f + 3 - 2*f**2. Suppose -5*d - 2*z = -3, 3*d - 2*z - 3*z = 8. Calculate k(d).
-6
Suppose v = -v + j + 1, -3*j + 2 = -v. Let g(q) = -2 - 3 + q + 2 + v. Let n be 1 + (0 - -1) - 2. Determine g(n).
-2
Let o be 40/25*(-10)/4. Let d(p) = p**2 - 2*p - 6. Calculate d(o).
18
Suppose -4*q = -q + 3. Let x(y) = -y**3 - 2*y - 1. Calculate x(q).
2
Let r(l) = -l**2 - l + 11. Let h be r(-4). Suppose 34 = -3*j - 5*i, -j + 4*i - i = -12. Let c = h - j. Let t(x) = -x**3 + 2*x**2 - x + 1. What is t(c)?
-1
Suppose -5*x - 3*c - 2 = -6*c, 14 = 3*x + 2*c. Let m(o) = 3*o - o**2 + 0*o - 3 + 0*o. What is m(x)?
-1
Suppose -5*y + 25 = 0, -2*v + y - 8 = -3*v. Let x(b) = -b**3 + 0*b**2 + 5 - v*b**2 + 6*b**2 + 2*b - b. Let j be (-2 + 1 - -1) + 4. Calculate x(j).
-7
Suppose -4*a = -2*p + p - 12, 12 = 4*a + 4*p. Suppose 3*z + 5*h - 18 = 2*h, a*z + 4*h = 22. Let y(n) = n**3 + 5*n**z - 1 + n + 3 - 4. Calculate y(-5).
-7
Let q(s) be the third derivative of -3*s**4/8 + s**3/6 + 8*s**2. Give q(-1).
10
Suppose 0 = f + f - 4. Suppose -6 + f = -z. Let l(w) = w**3 - 4*w**2 + 2*w - 2. Determine l(z).
6
Let h(l) = -4*l**3 - 1 + 10*l - 21*l - 10*l**3 + 9*l. Determine h(-1).
15
Let a(x) = x**3 + 4*x**2 - 5*x - 5. Let j be 32/20*(-30)/(-4). Suppose -3*b - j = 3. Calculate a(b).
-5
Suppose 5*i + 0*s = -s + 32, -3*s = -2*i + 23. Let v(l) = -2*l + 5. Calculate v(i).
-9
Let g(j) be the first derivative of 1 - 1/3*j**3 + 1/2*j**2 + 2*j. Give g(-3).
-10
Let x(l) = -l + 12. Let i be 81/15 - 8/20. Give x(i).
7
Let j(d) be the first derivative of d**4/4 - d**3/3 + 3*d - 10. Calculate j(3).
21
Let a(n) = -n - 2. Let k be a(-4). Suppose 3*g - 20 = -k*h, h - 5*h - 5*g = -36. Suppose h*q = 2*q. Let o(t) = -t**2. Determine o(q).
0
Let b(c) = 2*c - 4. Let l(q) = q - 3. Let w(f) = 3*b(f) - 4*l(f). What is w(-6)?
-12
Let j(q) = -q**3 + 8*q**2 + 3*q - 2. Let v(u) = u**3 - 7*u**2 - 3*u + 1. Let w(s) = -4*j(s) - 5*v(s). Determine w(4).
-1
Let l(g) = 3*g + 2. Let z(t) = -4*t - 1. Let d(v) = 5*l(v) + 4*z(v). Suppose a = -4*x - a - 22, a = -5. Let c be (-7)/(2 + -3) + x. Calculate d(c).
2
Let r(h) be the second derivative of 3*h**5/20 - h**3/6 + h**2/2 - 21*h. Determine r(-2).
-21
Suppose 19 + 11 = 5*y. Let q(b) = -b - 7*b**2 + b - 6 + 4*b. Let h(l) = -15*l**2 + 9*l - 13. Let j(o) = y*h(o) - 13*q(o). Calculate j(-1).
-1
Let s(h) = 4*h + h**2 - 3*h**2 + h**2. Suppose 0 = 5*g - 26 + 6. What is s(g)?
0
Let z be 19/2 + ((-7)/(-2))/(-7). Let c(f) = -f + 11. Calculate c(z).
2
Let k(c) = 3*c**2 + 13*c + 18. Let y be k(-3). Let j(i) = -i**3 + 7*i**2 - 7*i + 6. Calculate j(y).
0
Let c(g) = 13*g**2 + g. Let h(v) = v**2 - 17. Let y be h(4). Determine c(y).
12
Let d(t) = 3*t**2 - t**2 + 5*t - 3*t**2 + 0*t**2. Suppose -2*q - m + 2 = 0, 4*q + 2 = 4*m - 6. Suppose -2*k + 5*k - 12 = q. Calculate d(k).
4
Let b(p) = -5*p + 8. Let a(z) = -4*z + 7. Let f(m) = -6*a(m) + 5*b(m). Determine f(-2).
0
Let p(l) be the second derivative of -4*l**3/3 - l. Give p(-1).
8
Let i(j) = j**2 + 9*j + 8. Let u(t) = t**3 + 7*t**2 - 8. Let n be u(-7). Give i(n).
0
Suppose 2 = -4*u - 5*k, -2*u = -0*u - 4*k - 12. Suppose 0 = -6*y + u*y + 20. Let v be ((-12)/15)/(1/y). Let a(q) = q**3 + 3*q**2 - 2*q + 2. What is a(v)?
-6
Let p(t) = -t + 10. Let v be p(11). Let l(i) = 6*i**2 - i - 1. Give l(v).
6
Let o be 12/4 - (-1 + 1). Let x(n) = 3*n - 4*n**2 + 5 + 0*n**2 + o*n**2 + 1. What is x(5)?
-4
Suppose 11*n + 12 = 10*n - 2*p, 3*n + 15 = p. Let u(l) = -l**2 - 2*l - 5*l + 0*l - 3. Give u(n).
3
Let r(v) = -5*v**2 - 2*v - 1. Suppose -8 = -g + 3*g. Let a = g + 3. Determine r(a).
-4
Let x(p) = -4*p - 3. Let i(q) = 3*q + 3. Let k(h) = -3*i(h) - 2*x(h). Let c = 1 - 1. Give k(c).
-3
Let v(t) = 2*t - 12. Let h be -6*(-2 + (-4)/(-6)). Let u be v(h). Suppose -o + 12 = -3*j, j = o + 2*o + u. Let n(a) = a**3 + 5*a**2 - a + 5. Determine n(j).
10
Suppose -6*z = -11*z. Let f(c) be the first derivative of c**4/12 + 3*c**2 - c - 1. Let n(s) be the first derivative of f(s). What is n(z)?
6
Let y = 19 - 23. Let q(j) = -2*j**2 - 6*j - 2. Calculate q(y).
-10
Let i(d) = -d**2 - 12*d - 2. Suppose 2*j + 2*m = -26, -2*j + 3*j + 5*m = -17. Let y be i(j). Let g(b) = b**2 + 2*b + 2. Calculate g(y).
2
Let w(x) be the second derivative of x**4/12 - 7*x**3/6 + 3*x**2/2 + 2*x + 5. What is w(5)?
-7
Let x = 3 + 1. Let r(m) = -m**2 + 9*m - 1. Let f(a) = 3*a**2 - 26*a + 4. Let j(t) = -3*f(t) - 8*r(t). What is j(x)?
4
Let p(f) = 64*f + 1 + 6*f**2 - f**3 - 64*f. Let s be p(6). Let w(l) = -l**2 + 1. What is w(s)?
0
Let g(o) = o**3 - 5*o**2 + 6*o - 5. Let f(x) = x**2 - 7*x. Let c be f(3). Let h = -8 - c. What is g(h)?
3
Let o(n) = 3*n**3 - 2*n**2 + 2*n + 4. Let z(h) = -h**3 + h**2 - h - 1. Let t(f) = -3*o(f) - 8*z(f). Give t(-3).
-1
Suppose -2*n = -n + 2*r + 45, 253 = -5*n - 3*r. Let m = -30 - n. Suppose 3*a = 5*a - 2*w - 2, 0 = a + 5*w + m. Let i(h) = -h + 1. Determine i(a).
4
Let h(r) be the first derivative of -2*r**3/3 - r**2/2 + 2*r - 3. Let x(w) = -5*w**2 - w + 4. Let z(d) = -7*h(d) + 3*x(d). Give z(5).
-7
Let d(f) = f + 4 - 2*f - f + 4*f. Calculate d(-4).
-4
Suppose 4*b + 14 = -6. Let d(g) = -2*g**3 - g**2 - 11*g - 10. Let n(x) = x**3 + x**2 + 5*x + 5. Let f(s) = 4*d(s) + 9*n(s). Determine f(b).
0
Let l be (0 - 1) + (-1 - -4). Let z(t) = 4*t + t**2 + 8 - 4 + l*t. Give z(-6).
4
Let u(k) be the first derivative of 5/24*k**4 + 0*k + 1/6*k**3 + k**2 - 3. Let c(j) be the second derivative of u(j). Give c(1).
6
Let z(a) = -a**2 + 135*a - 135*a + 0*a**2 + 1. Determine z(1).
0
Let r(a) = 5*a + 5 - 4*a + a. What is r(-5)?
-5
Let x = 3 + 2. Suppose 0*i + i - x = 0. Let c(o) be the third derivative of o**5/60 - o**4/4 + 2*o**2. Give c(i).
-5
Let v be ((-32)/6)/(2/(-3)). Let z(n) = n**2 - 5*n - 3. What is z(v)?
21
Let z = -30 + 31. Let n(t) be the first derivative of -t - 5*t + 3*t**2 + 2 + 5*t. Determine n(z).
5
Let t(v) = v**3 + 4*v**2 - 7*v - 4. Let m(i) = -2*i**3 - 8*i**2 + 15*i + 8. Let d = 14 - 5. Let u(h) = d*t(h) + 4*m(h). Give u(-4).
8
Let u be 10/((-6)/(-3) - 1). Let h = u + -5. Let a(f) = 3*f**2 - 2*f**2 - 5*f + 3*f**2 + h + f**3. Give a(-5).
5
Let o(t) = t + 1. Let a(q) = -5*q**3 - q**2 - q + 1. Let g(n) = -n**3 + 1. Let h(c) = -a(c) + 4*g(c). Let b be h(0). Determine o(b).
4
Let l(m) = m**2 + 4*m + 7. Let t(q) = 2*q. Let i(n) = 4*n - 1. Let y(s) = -4*i(s) + 9*t(s). Let f(v) = -3*l(v) + 5*y(v). Let d = 6 + -7. Give f(d).
-2
Let n = -4 - 0. Let w(t) = -t - 4. Calculate w(n).
0
Let t(y) = y**3 - 4*y**2 - 9. Let w(a) = -a + 1. Suppose -4*z + 16 = -0*z. Let u(v) = z*w(v) + 